-3)?
2
Let x = 69 - 39. Let g = -14 + x. What is the units digit of g?
6
Let p = 11 + -6. Suppose m = p - 2. What is the units digit of m?
3
Let o(n) = -4*n + 2 - n**2 - 1 + 1. Let c be o(-4). Suppose -2*t + c + 0 = 0. What is the units digit of t?
1
Let f(t) = 2*t**3 + 2*t**2 - 2. What is the units digit of f(2)?
2
Let j(v) = v**2 - 10*v + 8. Let i be j(10). What is the units digit of i/12 - 85/(-3)?
9
Let l(i) = 2*i**2 + i + 11. What is the units digit of l(-7)?
2
Suppose -2*j + 6*d + 4 = 7*d, 0 = -5*j + 2*d - 8. Suppose j = 4*p - 3*f + 4, -2*p = -3*f - 0*f + 8. What is the units digit of p/((-2)/28*-4)?
7
Let s be (-4*1 - -2)/(-1). Suppose 3*d - s*m = -6*m + 2, -d - m = -1. Suppose -q = d*a - 23, -2*q = a - 6*q + 2. What is the tens digit of a?
1
Let b = 1 + -2. Let r be (8/(-20))/(b/30). Suppose 0 = t - r + 1. What is the units digit of t?
1
Let o = -67 - -95. What is the units digit of o?
8
Let w(a) = -2*a + 2. Let f be w(-7). Let l be 204/f*16/6. Suppose l = 4*q + 10. What is the units digit of q?
6
What is the tens digit of (4/(-10))/((-6)/80)*12?
6
Let i = -114 - -166. What is the units digit of i?
2
Let b be (-12)/(2 + -4) - 1. Suppose 0*l + l - 28 = -5*g, -b*l + 24 = -4*g. What is the units digit of l?
8
Let v(s) = -s**3 - 11*s**2 - 2*s - 16. Suppose -4*a - 22 = -2*a. What is the units digit of v(a)?
6
Let p(t) be the second derivative of -t**3/6 - 3*t**2 - 2*t. What is the units digit of p(-11)?
5
Suppose -4*i = r - 5*r + 48, 0 = 3*r + 5*i - 44. Let h = -9 + r. What is the units digit of h?
4
What is the tens digit of 169 + (-1)/4*0?
6
What is the tens digit of ((-338)/(-65))/((-1)/(-5))?
2
Let g(l) = -l**3 + 6*l**2 + 14*l + 7. What is the tens digit of g(6)?
9
Suppose 2*l - 60 = -l - 5*d, 5*l - 2*d = 69. What is the units digit of l?
5
Let j = -32 - -63. Suppose 0 = -2*i - 2*k + 102, 0 = i - 0*i - 4*k - 61. Let s = i - j. What is the tens digit of s?
2
Let v = 42 - 17. Suppose v = -c + 6*c. What is the units digit of c?
5
Let g be -1 + -1 + (1 - -1). Suppose -3*w = -3*i + 24, 2*i + 4*w + 14 = -g. What is the units digit of i?
3
Let n = 383 + -142. What is the tens digit of n?
4
Suppose 100 = 8*m - 3*m. What is the tens digit of m?
2
Suppose -4*o - 42 = -11*o. Suppose o*g - 9 - 273 = 0. What is the tens digit of g?
4
Let j = -4 - -5. Let u be 1*4 + (-1)/j. Suppose 5*f + 60 = 5*q, -u*f = -2*f - 3. What is the units digit of q?
5
Let y(c) = 9*c - 5 - 9*c**2 + 4*c**2 + 4*c**2. Let f be y(8). Let m(o) = 3*o**2 - 4*o + 2. What is the units digit of m(f)?
7
Let b(h) = h**3 - 4*h**2 + 5*h - 4. Let j be b(3). What is the units digit of (-7)/j*(-48)/28?
6
Suppose 65 = 3*z - 4*s, z = 4*z + s - 85. What is the units digit of z?
7
Let n(v) = -3*v + 2. Let m be n(2). Let l = 7 + m. What is the units digit of (0 + (-7)/l)*-3?
7
Suppose 0 = 4*v - 3*v - 3*c - 14, 5*v - c - 28 = 0. Suppose -3*n + v*d - 8 = -4*n, 4*n - 3*d = -14. Let b = n + 8. What is the units digit of b?
6
Let t = 129 + -40. What is the tens digit of t?
8
Suppose j = -4 - 0. Let s = j + 9. Suppose -i + 5 = 4*o - 14, 5*i + 55 = s*o. What is the units digit of o?
6
Let y be (-2)/3*60/(-8). Suppose -5*r + 15 = -5*z, -r + z + y = 2*z. Suppose -r*g + g = -12. What is the units digit of g?
4
Suppose 4*k = 2*k + 16. Let h = -6 + k. What is the units digit of h?
2
Let f(d) = -4*d - 3. Let t(b) = -b**2 - b - 4. Let g be t(-2). What is the units digit of f(g)?
1
Suppose 0 = 10*k - 15*k + 195. What is the tens digit of k?
3
What is the units digit of 1/(3/387*3)?
3
What is the hundreds digit of ((-580)/8)/(3/(-6))?
1
Let j(d) = -d - 8. Let r be j(-7). Let i = 9 + r. What is the units digit of i?
8
Suppose 2*p = p - 4*r - 4, r + 5 = 0. What is the tens digit of p?
1
Let a(z) = -z**3 + 3*z**2 - 5*z + 3. Let w be a(3). Let k be (-15)/(-4) - 3/w. Let j = 13 - k. What is the units digit of j?
9
Let i be 32/2 - -3 - -3. Let g = -18 + i. What is the units digit of g?
4
Suppose 3*t = k - 3, -4*k + 2*k + 5*t = -5. Let m(y) be the first derivative of -y**3/3 + y**2/2 + 3*y - 1. What is the units digit of m(k)?
3
Let v(c) = c**3 + 3*c**2 - 2. Let k be v(-2). Suppose i = 8 - k. What is the units digit of i?
6
Let o = 14 + 87. What is the units digit of o?
1
Suppose 0*m + 2*t = -3*m + 23, 3*m = 3*t + 33. What is the units digit of m?
9
Suppose 5*n + 56 - 16 = 0. Let u = 12 + n. Suppose -u*k + 6*k = 14. What is the units digit of k?
7
Let h be 3/(-15) - (-78)/15. Suppose 6*b = 4*b - 2*d + 6, h*d = 0. What is the units digit of b?
3
Let n = 60 - 34. What is the units digit of n?
6
Let n = 5 - 3. Suppose n = 4*j - 6. Suppose -k + 3 = -3*k - 3*s, 5*k - j*s = 21. What is the units digit of k?
3
Let w be (-2)/(-9) + 394/9. Suppose 8*u - 5*u + w = 5*x, 3*x + 2*u = 34. Let z = x - 5. What is the units digit of z?
5
Suppose 3*i - 2*x = 11, 2*i - 2*x + 6 = 14. Suppose -i*m = -c + 14, 0 = -4*c + 3*m + 26 + 21. What is the tens digit of c?
1
What is the hundreds digit of (-15 + 18)/((-3)/(-128))?
1
Suppose -29 = -m + 30. What is the units digit of m?
9
Let t = -21 - -15. Let m = 26 + t. What is the units digit of m?
0
Let t = 452 - 317. Suppose -2*s = 3*s - t. What is the tens digit of s?
2
Suppose 3*b - 94 = -x, 5*b - 3*b + 2*x - 56 = 0. What is the units digit of b?
3
Suppose -2*m + 1 = -3. Let p be (-3)/(m*3/(-6)). Suppose 0 = p*i - 2*i - 9. What is the units digit of i?
9
Let h be (14/21)/((-2)/(-27)). Let l = 39 - h. What is the units digit of l?
0
Suppose -20 = 6*h - 2*h. Let c(s) = 1 - s**2 - 5*s - 2 + 5. What is the units digit of c(h)?
4
Let w(g) = 2*g**3 + g**2 - 2*g - 3. Let s be w(3). Let q = -33 + s. What is the units digit of q?
1
Suppose i - 97 = -0. Let o = i - 55. What is the tens digit of o?
4
What is the tens digit of (2/5)/(3/165)?
2
Let f be (-7)/((-14)/4)*-9. Let h = f - -30. What is the tens digit of h?
1
Let r be 6/8 + (-2)/(-8). Let b be 1*(r - 0/(-1)). Let z = 2 - b. What is the units digit of z?
1
Suppose 5*a - v = v + 23, 4*v = 4*a - 28. Let q(k) = 3*k - 4. What is the units digit of q(a)?
5
Suppose 4*z = 3*l + 3, -3*z = 4*l - 0*l - 21. Suppose 0 = -l*f + f - s + 1, 2*f + 4*s - 4 = 0. Suppose 3*m - 9 - 12 = f. What is the units digit of m?
7
Let z(k) = k**2 - 7*k - 1. Let a be z(5). Let w = a + 3. Let v = 16 + w. What is the units digit of v?
8
Let x = -1 + 3. Let t(f) = -4*f + 4 - f**3 + x*f**2 + 4*f**2 + 0*f**3 - 2*f**2. What is the units digit of t(3)?
1
Let b(f) = -f**3 - 13*f**2 - 13*f + 9. Let k(z) = z**2 - 6*z - 3. Let j be k(3). What is the tens digit of b(j)?
2
Suppose 4*b - 4*n - 28 = 0, 3*b + n = -3 + 4. Let j be -11 + 2 - (b + 1). Let h(s) = s**2 + 12*s + 6. What is the units digit of h(j)?
6
Let l(f) = f**2 - 4*f + 2. Let k be l(4). Suppose 2*r = 5*x + r - k, -2*x + 5 = r. Suppose -p + 4 = -x. What is the units digit of p?
5
Let p(o) be the first derivative of 1/2*o**2 + 5*o - 1. What is the units digit of p(4)?
9
Let k be -4*(-3)/6*2. Suppose 0 = 2*n - k*n + 12. What is the units digit of n?
6
Suppose -67 = -4*y + 57. What is the tens digit of y?
3
Suppose 3*k + 38 + 22 = -4*r, -45 = 3*r - k. Let d = 34 + r. What is the tens digit of d?
1
Let j(f) = 4*f**2 + 14*f + 3. What is the units digit of j(-12)?
1
Suppose 2*u - 10 - 14 = -4*c, -3*c - 3*u + 18 = 0. What is the units digit of 40/c + 4/(-6)?
6
Let y(t) = t**3 - t**2 - 5*t + 3. Let j be y(3). Suppose j*i = 9*i - 54. What is the units digit of i?
8
Suppose 45 = 5*o - 120. What is the tens digit of o?
3
Suppose -7*c = -3*c + 16. Let b be (3 + 2)/((-1)/45). What is the units digit of c/(-14) - b/21?
1
Let o(u) = u - 1. Let n be o(6). Suppose x + 2*t = n*t - 11, 5*x + t = 9. What is the units digit of x?
1
Let w(x) = x**2 - x - 7. What is the units digit of w(-3)?
5
Let g be (0/(4/(-2)))/1. Suppose -3*k + 0*k + 12 = g. Suppose -2 + 10 = k*u + 4*v, 4*u - 3*v - 29 = 0. What is the units digit of u?
5
Let z(g) = 197*g + 6. What is the hundreds digit of z(1)?
2
Let n be 3 + 10 - -1*2. What is the tens digit of 2 + 5/(n/36)?
1
Let d be (-3)/9*0 - -6. What is the units digit of -7*d/(-63)*15?
0
Let m be 2/(-4)*-4 - 6. Suppose 5 = h - 3. Let w = h + m. What is the units digit of w?
4
Let g = -373 + 217. What is the units digit of 1/(g/(-51) - 3)?
7
Suppose 28 = 2*q - 0*q. What is the units digit of q?
4
Suppose 3*t - 488 = 5*l,